e
In base 8, what is 477431166 - 1?
477431165
In base 15, what is -4c7a49 + -10?
-4c7a59
In base 5, what is -31330141 - 4223?
-31334414
In base 15, what is 30ad + 1394?
4452
In base 12, what is 0 + -13805997?
-13805997
In base 10, what is 3 - -16672577?
16672580
In base 15, what is -72dc + -220?
-750c
In base 8, what is 142047110 - 2?
142047106
In base 12, what is -11b67 - 69b?
-12646
In base 12, what is 1192bb816 + 4?
1192bb81a
In base 16, what is -291ef - -101?
-290ee
In base 3, what is 10010202012 + -11000?
10010121012
In base 10, what is -10 + 2946459?
2946449
In base 15, what is 19 + 91599?
915b3
In base 5, what is 0 - -1040040432?
1040040432
In base 6, what is 20 - -43201510?
43201530
In base 4, what is 3 + -1303031111?
-1303031102
In base 2, what is 111011011110001 + -100100001010?
110110111100111
In base 8, what is -207 - -317665?
317456
In base 13, what is 8c054 + a29?
8ca80
In base 13, what is 7 + 41982?
41989
In base 6, what is 33154 - 2132?
31022
In base 13, what is -a743a5 - 6?
-a743ab
In base 10, what is -53551 + 3?
-53548
In base 2, what is 100000110010 - -10000100010110011?
10001000011100101
In base 5, what is -1024333044 + 13?
-1024333031
In base 10, what is -5 + 17292224?
17292219
In base 11, what is -257998 - 47?
-257a34
In base 14, what is 1cb29 - 24a?
1c8bd
In base 6, what is 50 + 1525143134?
1525143224
In base 13, what is 198 + -84ba5?
-84a0a
In base 3, what is -10220101 - 122202?
-11120010
In base 8, what is -566 + 12416?
11630
In base 10, what is 1393 + -1506?
-113
In base 15, what is a258 - 199?
a0ae
In base 10, what is 73072973 + 0?
73072973
In base 11, what is -3 + 44335639?
44335636
In base 14, what is -2c - 434573?
-4345a1
In base 12, what is -40b3912b - -3?
-40b39128
In base 13, what is -139815 - 1?
-139816
In base 3, what is -11 - 10201112102021221?
-10201112102022002
In base 10, what is 1827378 - 3?
1827375
In base 7, what is -142636021 - -5?
-142636013
In base 4, what is 12101 - -3031333?
3110100
In base 14, what is 1066096 + 28?
10660c0
In base 14, what is 68a + -4cc3?
-4637
In base 2, what is 10010101110000000100100 + -1001?
10010101110000000011011
In base 7, what is -3100 - -2402051?
2365651
In base 10, what is 13 + -2648782?
-2648769
In base 6, what is -541342 - -11251?
-530051
In base 7, what is -21605165 - 14?
-21605212
In base 3, what is 2220112021 + 221000101?
10211112122
In base 3, what is -1202102220122210 - 2?
-1202102220122212
In base 9, what is 13 + -7621762?
-7621748
In base 6, what is -122303321 + -1?
-122303322
In base 14, what is 6397 - 28c7?
38b0
In base 3, what is 12012210102 + 120000?
12020100102
In base 7, what is 3333525201 + 4?
3333525205
In base 6, what is 5 - -22221430405?
22221430414
In base 11, what is 2 - 591688?
-591686
In base 10, what is -30464243 - 4?
-30464247
In base 15, what is -587 - -153d?
ea6
In base 7, what is 343622 - -325?
344250
In base 13, what is -97 + 25b?
194
In base 8, what is -360 + 56052?
55472
In base 14, what is 1 + -ab4b055?
-ab4b054
In base 2, what is -111000100110010100110100 + 100?
-111000100110010100110000
In base 13, what is -82c - -32373?
31844
In base 3, what is -101211200021111 + -2?
-101211200021120
In base 5, what is 31041122 + 142?
31041314
In base 16, what is 2615 - -3055?
566a
In base 5, what is 1013341423 + 4?
1013341432
In base 8, what is 772 + 13524203?
13525175
In base 12, what is 93 + -6257?
-6184
In base 3, what is -21111001111201 + -110?
-21111001112011
In base 9, what is 2 - 205708387?
-205708385
In base 14, what is -2b + 16a9096?
16a9069
In base 11, what is -24840a - 9?
-248418
In base 7, what is 3 - -15356655?
15356661
In base 11, what is 21777431 - -3?
21777434
In base 7, what is 3455 + 1345005?
1351463
In base 15, what is 1 - -22be6b?
22be6c
In base 9, what is -2 - 2460672?
-2460674
In base 2, what is 110110010010000100110001 - 10011?
110110010010000100011110
In base 8, what is -651336 - 2763?
-654321
In base 8, what is 6671 - -52731?
61622
In base 6, what is 5 - 323523203?
-323523154
In base 11, what is -832 + -a17?
-1749
In base 14, what is 2309340 - -12?
2309352
In base 2, what is -10101000110001 - -100011111011101?
1110110101100
In base 5, what is -13421 - 410100?
-424021
In base 16, what is -371 + f5fe?
f28d
In base 16, what is b - 3a1ed?
-3a1e2
In base 5, what is -4 + 3341101242?
3341101233
In base 8, what is -1 + 317026412?
317026411
In base 11, what is 943 + 19195?
1a028
In base 9, what is 3 - -2348756?
2348760
In base 4, what is -10110201313210 - -1?
-10110201313203
In base 15, what is 150c2c8 + -1?
150c2c7
In base 5, what is 343331243 - 1042?
343330201
In base 10, what is -5445120 - 0?
-5445120
In base 7, what is -2664043 + 246?
-2663464
In base 3, what is -120111200 + -1001111?
-121120011
In base 5, what is -20343021 - -2114?
-20340402
In base 4, what is 101000 - -2221320101?
2222021101
In base 11, what is 22238 - -461?
22699
In base 7, what is 1256523232 - 0?
1256523232
In base 16, what is 696bf - 41?
6967e
In base 13, what is -395bb8c + 7?
-395bb85
In base 15, what is 3 - 85ad6?
-85ad3
In base 6, what is -3110 - -1523204?
1520054
In base 8, what is -3 - -413355143?
413355140
In base 9, what is -68882 - 364?
-70356
In base 3, what is -111000220101 - -2111?
-111000210220
In base 12, what is -38 + a82?
a46
In base 11, what is 9 + -172176?
-172168
In base 12, what is 1959 - -31b5?
4b52
In base 9, what is 1665200808 - 2?
1665200806
In base 12, what is -1284196 - 10?
-12841a6
In base 9, what is 72060256 - 5?
72060251
In base 14, what is -2 + -23b5ba9?
-23b5bab
In base 14, what is 3503 - -1297?
479a
In base 16, what is da - -450dc?
451b6
In base 2, what is -10101110101110100110 + -1001?
-10101110101110101111
In base 6, what is -1430421444 - 2?
-1430421450
In base 8, what is 12511200 - -52?
12511252
In base 11, what is -4900656a + 5?
-49006565
In base 9, what is 587064114 + -4?
587064110
In base 16, what is 202 + -b9ba5?
-b99a3
In base 7, what is -53626 - -33155?
-20441
In base 3, what is -120112 - 100200200201?
-100201021020
In base 5, what is 20102 + 20100014?
20120121
In base 14, what is -1aaa - -889?
-1221
In base 9, what is -5 + 42023052?
42023046
In base 7, what is 164 + 1105053?
1105250
In base 3, what is -211202 - 2200120020?
-2201101222
In base 6, what is 521405405 - 34?
521405331
In base 5, what is -34333212 + 31?
-34333131
In base 13, what is 7b851 - b0?
7b771
In base 6, what is -24432531053 + 3?
-24432531050
In base 15, what is -121 - 74587?
-746a8
In base 4, what is -30 - -2221022100?
2221022010
In base 9, what is -558447 + 172?
-558265
In base 10, what is -5 - -4004075?
4004070
In base 12, what is 17095b0 + 7?
17095b7
In base 4, what is 102133110300110 + -11?
102133110300033
In base 2, what is 0 + 11011011011010001100?
11011011011010001100
In base 11, what is 16071 + -1194?
14988
In base 12, what is -52 - 13591a?
-135970
In base 4, what is -110313231223 - -1?
-110313231222
In base 2, what is 101011011001 + -10001101110?
11001101011
In base 11, what is -9 + -17166a8?
-1716706
In base 5, what is 11 + 111021003002?
111021003013
In base 7, what is 1331 - -3203420?
3205051
In base 14, what is c8 - b0198?
-b00b0
In base 4, what is 3330320 - 1021?
3323233
In base 9, what is 6738132 - -262?
6738404
In base 14, what is 2 + 686614?
686616
In base 2, what is -11011011011001010100011 + -10?
-11011011011001010100101
In base 10, what is 23375 + 2774?
26149
In base 10, what is 92358 - 176?
92182
In base 15, what is 6ad53a + -3?
6ad537
In base 12, what is b6a7 - -2a7?
b992
In base 2, what is 1101001110110100 + -100010001?
1101001010100011
In base 9, what is 114 - 774424?
-774310
In base 9, what is 25 - 455785?
-455760
In base 2, what is -1010001 - 11001011011000001?
-11001011100010010
In base 6, what is 1245 + 243441125?
243442414
In base 5, what is 21034100 - -321?
21034421
In base 16, what is -18e + -2e1b26?
-2e1cb4
In base 12, what is 2194a8 + -2b?
219479
In base 8, what is 123306473 + -1?
123306472
In base 16, what is fc + 4759?
4855
In base 5, what is 3 - -1244221002?
1244221010
In base 15, what is 5 - de2b9a?
-de2b95
In base 4, what is -12221031332312 - -11?
-12221031332301
In base 15, what is 4 - 370eee?
-370eea
In base 13, what is -9 - 3245007?
-3245013
In base 14, what is 9b844b + -4?
9b8447
In base 7, what is 21313006